st the prime factors of 4503196.
2, 37, 30427
List the prime factors of 1071832.
2, 133979
What are the prime factors of 165503?
13, 29, 439
List the prime factors of 325859.
37, 8807
List the prime factors of 809471.
13, 71, 877
What are the prime factors of 65609?
65609
List the prime factors of 2437969.
359, 6791
What are the prime factors of 99027?
3, 11003
What are the prime factors of 1608938?
2, 67, 12007
List the prime factors of 436919.
7, 62417
What are the prime factors of 268928?
2, 11, 191
What are the prime factors of 5390204?
2, 61, 22091
What are the prime factors of 1015303?
19, 53437
What are the prime factors of 2957271?
3, 23, 42859
List the prime factors of 165593.
43, 3851
What are the prime factors of 300343?
300343
What are the prime factors of 24181048?
2, 137, 22063
What are the prime factors of 3857045?
5, 17, 45377
What are the prime factors of 118272?
2, 3, 7, 11
List the prime factors of 1500258.
2, 3, 250043
What are the prime factors of 14298378?
2, 3, 31, 76873
List the prime factors of 13959.
3, 11, 47
List the prime factors of 11814508.
2, 43, 149, 461
What are the prime factors of 58940?
2, 5, 7, 421
List the prime factors of 2342064.
2, 3, 59, 827
List the prime factors of 11227256.
2, 1403407
List the prime factors of 581286.
2, 3, 19, 5099
What are the prime factors of 2883947?
11, 23, 11399
What are the prime factors of 356385?
3, 5, 23, 1033
List the prime factors of 448124.
2, 112031
List the prime factors of 171659.
171659
What are the prime factors of 503696?
2, 31481
What are the prime factors of 20355774?
2, 3, 349, 9721
List the prime factors of 256474.
2, 128237
What are the prime factors of 1024047?
3, 113783
What are the prime factors of 6018387?
3, 23, 87223
What are the prime factors of 186419?
186419
List the prime factors of 4880251.
4880251
List the prime factors of 12026966.
2, 7, 383, 2243
What are the prime factors of 662904?
2, 3, 11, 31
List the prime factors of 115704.
2, 3, 1607
What are the prime factors of 22533936?
2, 3, 469457
What are the prime factors of 429206?
2, 214603
What are the prime factors of 45848?
2, 11, 521
List the prime factors of 509394.
2, 3, 73, 1163
What are the prime factors of 6938401?
19, 365179
What are the prime factors of 1866318?
2, 3, 73, 4261
What are the prime factors of 23896338?
2, 3, 19, 97, 2161
What are the prime factors of 181070?
2, 5, 19, 953
What are the prime factors of 45647?
7, 6521
What are the prime factors of 2186420?
2, 5, 109321
What are the prime factors of 638919?
3, 70991
What are the prime factors of 331399?
331399
List the prime factors of 64529.
173, 373
List the prime factors of 15042214.
2, 11, 683737
List the prime factors of 5468388.
2, 3, 23, 19813
List the prime factors of 445510.
2, 5, 13, 23, 149
What are the prime factors of 34418119?
1609, 21391
List the prime factors of 13349455.
5, 7, 381413
What are the prime factors of 338445?
3, 5, 23, 109
What are the prime factors of 429469?
429469
What are the prime factors of 1885433?
11, 171403
What are the prime factors of 84768?
2, 3, 883
List the prime factors of 940061.
53, 17737
What are the prime factors of 11002967?
11002967
What are the prime factors of 204376?
2, 59, 433
What are the prime factors of 977917?
521, 1877
List the prime factors of 1789354.
2, 7, 23, 5557
List the prime factors of 1922990.
2, 5, 19, 29, 349
What are the prime factors of 27217593?
3, 13, 77543
List the prime factors of 2467803.
3, 13, 63277
What are the prime factors of 13728982?
2, 19, 47, 7687
List the prime factors of 238523.
97, 2459
What are the prime factors of 14312729?
229, 62501
What are the prime factors of 12984314?
2, 7, 47, 2819
What are the prime factors of 387569?
7, 13, 4259
What are the prime factors of 349357?
349357
What are the prime factors of 195856?
2, 12241
What are the prime factors of 1939873?
13, 37, 109
What are the prime factors of 22075351?
29, 61, 12479
What are the prime factors of 702117?
3, 13, 17, 353
List the prime factors of 88415.
5, 17683
What are the prime factors of 665676?
2, 3, 11, 41
What are the prime factors of 332124?
2, 3, 13, 2129
List the prime factors of 7419225.
3, 5, 11, 17, 23
What are the prime factors of 156312?
2, 3, 13, 167
What are the prime factors of 1134665?
5, 7, 17, 1907
What are the prime factors of 22291574?
2, 11145787
What are the prime factors of 269226?
2, 3, 14957
What are the prime factors of 78081?
3, 17, 1531
List the prime factors of 1053819.
3, 13, 9007
What are the prime factors of 32270500?
2, 5, 233, 277
List the prime factors of 15493713.
3, 37, 97, 1439
List the prime factors of 67042.
2, 33521
What are the prime factors of 239534?
2, 229, 523
What are the prime factors of 221931?
3, 24659
What are the prime factors of 3400124?
2, 7, 13, 9341
What are the prime factors of 148910?
2, 5, 14891
List the prime factors of 545857.
13, 199, 211
List the prime factors of 13017244.
2, 233, 13967
What are the prime factors of 2509554?
2, 3, 418259
List the prime factors of 158970.
2, 3, 5, 7, 757
What are the prime factors of 1106454?
2, 3, 184409
List the prime factors of 6010343.
6010343
List the prime factors of 18770817.
3, 13, 481303
List the prime factors of 14293196.
2, 167, 21397
What are the prime factors of 114177?
3, 7, 5437
List the prime factors of 315827.
53, 59, 101
What are the prime factors of 25848963?
3, 7, 45589
List the prime factors of 14122792.
2, 1765349
What are the prime factors of 533978?
2, 313, 853
What are the prime factors of 4131007?
23, 293, 613
List the prime factors of 2522303.
7, 409, 881
What are the prime factors of 166395?
3, 5, 11093
List the prime factors of 64661.
64661
What are the prime factors of 21953?
29, 757
List the prime factors of 3451457.
131, 26347
List the prime factors of 11658585.
3, 5, 23, 47, 719
List the prime factors of 179750.
2, 5, 719
What are the prime factors of 69643?
7, 9949
What are the prime factors of 361689?
3, 120563
What are the prime factors of 11684059?
47, 248597
List the prime factors of 22378622.
2, 7, 107, 14939
What are the prime factors of 802355?
5, 23, 6977
List the prime factors of 416332.
2, 7, 14869
What are the prime factors of 33949045?
5, 13, 409, 1277
List the prime factors of 202562.
2, 101281
List the prime factors of 7428.
2, 3, 619
List the prime factors of 209172.
2, 3, 17431
List the prime factors of 126110.
2, 5, 12611
What are the prime factors of 1722159?
3, 179, 1069
List the prime factors of 494421.
3, 29, 5683
List the prime factors of 6658849.
17, 23041
List the prime factors of 3394597.
19, 53, 3371
List the prime factors of 12409403.
557, 22279
List the prime factors of 76387.
76387
List the prime factors of 3976000.
2, 5, 7, 71
List the prime factors of 328412.
2, 7, 37, 317
What are the prime factors of 27609055?
5, 347, 15913
What are the prime factors of 802539?
3, 23, 3877
List the prime factors of 6139554.
2, 3, 1023259
What are the prime factors of 780122?
2, 7, 103, 541
List the prime factors of 2416838.
2, 19, 63601
What are the prime factors of 174966?
2, 3, 11, 241
List the prime factors of 3064576.
2, 11971
What are the prime factors of 171386?
2, 67, 1279
What are the prime factors of 298737?
3, 19, 1747
What are the prime factors of 1821?
3, 607
List the prime factors of 112513.
59, 1907
What are the prime factors of 454839?
3, 7, 11, 179
What are the prime factors of 1645316?
2, 37, 11117
List the prime factors of 44219.
7, 6317
List the prime factors of 1945865.
5, 389173
What are the prime factors of 354146?
2, 13, 53, 257
What are the prime factors of 655771?
349, 1879
What are the prime factors of 2468709?
3, 274301
List the prime factors of 61067.
79, 773
List the prime factors of 485013.
3, 19, 67, 127
What are the prime factors of 960983?
960983
What are the prime factors of 55325?
5, 2213
List the prime factors of 31776600.
2, 3, 5, 211, 251
What are the prime factors of 978898?
2, 489449
What are the prime factors of 10449901?
7, 11, 113, 1201
What are the prime factors of 398119?
398119
What are the prime factors of 291059?
31, 41, 229
List the prime factors of 4544259.
3, 31, 131, 373
List the prime factors of 2753382.
2, 3, 458897
List the prime factors of 2112769.
1093, 1933
List th